-12)*8/(-6). Suppose -d*b - 34 = -4*i, -2*b - 35 = -5*i + 5. Let j(n) = n**3 - 7*n**2 + 5*n. Give j(i).
-6
Let h be (2/(-4))/((-1)/(-6)). Let y(p) be the third derivative of p**4/6 + 2*p**3/3 + 27*p**2. Calculate y(h).
-8
Suppose -l + 5*f = 1, 0 = -l + 2*l - 4*f - 1. Let y = l - 3. Let t(g) = -g**3 + 7*g**2 - 6*g + 3. Determine t(y).
3
Let n(r) be the third derivative of 0*r + 1/8*r**4 + 0 + 2*r**2 - 1/2*r**3 + 1/40*r**5. Let a(k) be the first derivative of n(k). What is a(-2)?
-3
Let u(h) = 17 - 9 - 10 - 2*h + h**3 + 3*h**2. What is u(-2)?
6
Let i = -2 + 5. Let h = i - 1. Let t(w) = 4 + 4*w**h - 5*w**2 + 0*w**2. What is t(0)?
4
Suppose 16 = 2*n - 4*t, -3 = -n + 4*t + 11. Let v(q) = 6*q + n - 1 + 0*q**3 - q**3 + 1 - 5*q**2. Let x = -16 - -10. Determine v(x).
2
Let y(d) = d**2 + 3*d - 1. Let k(b) = 2*b**2 + 5*b - 2. Let c(l) = -4*k(l) + 9*y(l). Give c(-7).
-1
Suppose 6*v = 5*v + 2. Let c(h) be the second derivative of 3*h - 3/2*h**v + 1/12*h**4 + 0 + 0*h**3. Calculate c(3).
6
Let f(m) = 2 + 2 - 4*m**3 - 2*m - 1 - 4. Give f(-1).
5
Suppose 5*j = -5*f + 33 + 27, j + 2*f = 9. Let g = 5 - j. Let y be 1 - (2 + g)/2. Let z(a) = -a**3 + 4*a**2 + 3*a + 7. Determine z(y).
-3
Let i(c) be the third derivative of -c**5/60 + c**4/8 - c**3/3 + 29*c**2. Let l(a) = a**3 + 7*a**2 + 6*a + 4. Let z be l(-6). What is i(z)?
-6
Suppose 6 = -4*w + 7*w. Let t(m) = 6 - 3 - 1 + w - 3*m. Determine t(5).
-11
Let z(c) = -c**2 - 5*c - 6. Suppose 3*s + 2*h = 17, 4*s - 3*h = -0*h. Suppose -s*g - 41 + 110 = 4*i, -i = -2*g - 9. Suppose 2*d + i = -d. Give z(d).
-6
Let x(g) = -g**3 - 4*g**2 + 3. Let z be -4*(-3)/(-6) - -2. Suppose -m + 5*m - 36 = z. Let q(b) = -b**3 + 8*b**2 + 8*b + 6. Let y be q(m). Calculate x(y).
-6
Let v(q) = 0*q**2 + 0 + 0*q**2 + q**2 - 3*q - 3. What is v(5)?
7
Let n(t) be the second derivative of 0*t**2 - 7/6*t**3 - 1/20*t**5 + 0 - 6*t - 1/2*t**4. Determine n(-5).
10
Suppose 2*m = 4*m + 2. Let o be (m + 1)/((-6)/(-3)). Let s(w) = w - 3. Determine s(o).
-3
Let u(v) = v**3 - 4*v**2 + 2*v + 3. Let z(q) = -q**2 + q + 24. Let f be z(5). What is u(f)?
11
Suppose 2*a + 2*a - 12 = 0. Let j(o) = a + 2*o**3 - 3*o + 0*o - 3*o**3. Let b = 88 + -86. Determine j(b).
-11
Let k(m) = 6*m**2 - 10*m + 1. Suppose 4*h = -0 + 4, 0 = -2*z - 5*h - 3. Let o(l) = -5*l**2 + 9*l. Let s(i) = z*k(i) - 5*o(i). Calculate s(6).
2
Let c(g) = -4*g**2 - 20*g + 15*g + 9*g**2 - g**3 + 1. What is c(4)?
-3
Let r = -4 + 2. Let o be 1 + 5 + r + 0. Let c(h) = -2*h + 4. Determine c(o).
-4
Let i be (6/4)/((-6)/(-20)). Suppose 2*s + 2*s - 16 = -2*p, -i*s + 4*p = 6. Let a(o) = 4*o - 2. What is a(s)?
6
Suppose 0*b = 4*b - 4. Let k(l) = -l**2 - l. Determine k(b).
-2
Let o(c) = c**2 - 4*c - 3. Let p(w) = 3*w**2 - 13*w + 15. Let y(a) = -a**2 + a. Let v(u) = p(u) + 2*y(u). Let q be v(10). What is o(q)?
2
Let y be 6/8 + 22/(-8). Let u(r) be the third derivative of 0*r + 0 - r**2 + 0*r**3 + 1/24*r**4. Give u(y).
-2
Suppose -5*y = j - 8 - 8, 4*j = -3*y + 30. Let s(u) = -u**3 + 5*u**2 + 8*u - 9. Give s(j).
3
Let u(q) = -q**2 + 5*q + 2. Suppose 5*n - 49 = -2*o, 6*o - 3*o + 39 = 5*n. Let v = -5 + n. Determine u(v).
6
Let h(s) = -s**2 - 6*s + 7. Let w(l) = 9*l**2 - 4*l + 6 - 10*l**2 - l. Let v(p) = -p**2 + p + 1. Let b be v(3). Let f(d) = b*h(d) + 6*w(d). Determine f(2).
-3
Let p(g) = 5*g + 1. Let f(c) = 26*c + 5. Let o(m) = 2*f(m) - 11*p(m). Suppose 0*t + 7*t = 7. Calculate o(t).
-4
Let v(z) = z**2 - 5*z - 4. Let f be 3/(-3) - (-3)/1. Let r = f + 3. Calculate v(r).
-4
Let d(l) = -l**2 - 2*l + 7. Let t be d(-5). Let h(v) = v**2 + 9*v + 8. Let x be h(t). Let i(m) = m + 1. Give i(x).
1
Let z(c) = -c**3 - c**2 + 2*c - 1. Let o be (-1)/2*4*-1. Suppose 5*x = -m + 11, m - o = -2*x + 3. Give z(m).
-1
Let n(q) = q. Suppose -3*u = -0 - 12. Let r(l) = -l**3 + 4*l**2 - l - 2. Let s be r(u). What is n(s)?
-6
Let y(l) be the first derivative of l**3/3 - l**2/2 - 6*l - 3. Determine y(5).
14
Let q(b) = 5 + 3*b - 2*b - 3*b. Calculate q(6).
-7
Let a(i) = -3*i**2 + i + i**3 - 6*i + 0*i + 1. Suppose 4*l + 2 = -22. Let f = -2 - l. Determine a(f).
-3
Let l(g) = g**2 + 2*g + 3. Suppose -5*j - 13 = 2*c, 5*j + 15 = 5*c - 5. Give l(j).
6
Let w(j) = j**3 - 4*j**2 + 4*j - 3. Suppose -5 = 2*z - 13, -3*o - z = -10. Let s(h) be the first derivative of h**2/2 + h + 3. Let t be s(o). Give w(t).
0
Let p be -10*(10/4)/5. Let n = -7 - -11. Let l(j) = -5*j**2 - 3*j + n*j**2 - 5*j + 2*j - 5. Give l(p).
0
Let v = 3 - 1. Let i be (3 + -2)/((-1)/(-2)). Let b(z) = z**3 - z + 1 + 2*z**i - 3*z**2 + 0*z**3. Give b(v).
3
Let k(c) = 12 - 2 + 13*c - 21*c + 7*c. Determine k(9).
1
Suppose -10 = 5*t, t - 8 = u - 4. Let m(a) = a**2 + a - 6. Determine m(u).
24
Let l(n) = -2*n - 2 + 1 + 0*n. Calculate l(-1).
1
Let m(a) be the second derivative of a**5/20 + 5*a**4/12 + 5*a**3/6 + 3*a**2/2 - a. Give m(-4).
-1
Let t = 23 - 43. Let u be t/6*(-24)/(-20). Let r(s) = -2*s - 4. Calculate r(u).
4
Let l(m) be the third derivative of m**6/120 + m**5/60 - 5*m**3/6 - 6*m**2. Let a be ((-1 - -1) + 0)*-1. Calculate l(a).
-5
Let l(d) = 4*d**2 - 4*d + 6. Let n(r) = -7*r**2 + 8*r - 11. Let t(f) = -5*l(f) - 3*n(f). Let q = -428 - -430. Calculate t(q).
-1
Let y(n) = n - 2. Let f(h) = -h + 5. Let i(j) = 3*f(j) + 5*y(j). Let b be (-2 + -1)*-2 - 2. Suppose b*w = 2*m - 18, -5*w - 4*m - 4 = -3*w. Determine i(w).
-3
Suppose -23 + 20 = n. Let k(f) = f**2 - 1. Calculate k(n).
8
Let c(g) = g**3 + 5*g**2 - 4*g - 5. Let d be (-72)/14 - (-9)/63. Give c(d).
15
Suppose 0*q - 3*q - 42 = 0. Let r(w) = -5*w - 1. Let u(y) = -24*y - 6. Let t(f) = q*r(f) + 3*u(f). Let o(v) = v - 1. Let i be o(-4). Give t(i).
6
Suppose -2*j = -3*n - 18, -3*n + 0*n = 3*j - 12. Let r = -4 + j. Let y(g) = -2*g - 2*g**2 + 3*g + 7*g**r. What is y(1)?
6
Let f(z) = 3*z - 5. Let k(l) = l - 1. Let a(n) = f(n) - 2*k(n). What is a(4)?
1
Suppose 0 = 3*b + 2*a + 1, 8 = -a + 3. Let x(m) = m**2 - 3*m - 3. What is x(b)?
-3
Let k be 8*(-3)/(-18)*-3. Let o(y) = y**2 + 6*y + 4. Give o(k).
-4
Let r(h) = -h. Let w(g) = g**2 + 8*g + 7. Let d be w(-5). What is r(d)?
8
Let o(j) = -3*j**2 + 4 - 1171*j**3 + 1172*j**3 - j**2 + j. Let u = 1 + -1. Suppose h + z + 1 = 0, -5*h + u*z + 35 = -5*z. Calculate o(h).
-2
Let i be (3/5)/((-1)/(-5)). Let h(q) be the third derivative of q**5/60 - q**4/24 + q**3/6 - 2*q**2. Determine h(i).
7
Suppose 4 = -2*k - 5*l + 5, -3*k - 5*l + 9 = 0. Let b(u) = -u**2 + 9*u + 3. What is b(k)?
11
Let u(g) = -g + 3. Let h be u(3). Suppose -4*r - 2*j + 18 = h, 3*j + 2*j = -4*r + 21. Let k(l) = -l**3 + 5*l**2 - 2*l - 4. Determine k(r).
4
Let y be -5 + (2 - 0) + -1. Let v(k) = -7 - 3*k + 0*k + 2*k. Determine v(y).
-3
Let s(q) = 3*q + 1. Suppose -4*h - 7 = 3*g, -4*h - 12 + 0 = 4*g. Suppose 0 = c + 5*a - 0 - 11, 0 = 5*c - 5*a + 35. Let y = g - c. Give s(y).
-2
Let z(j) = -j**2 + 8*j + 3. Let p be (-96)/(-15) - ((-132)/20 + 6). What is z(p)?
10
Suppose -5*f = 9 - 49. Let g(o) = -o**3 + 9*o**2 - 7*o - 11. Determine g(f).
-3
Let f be (-3)/(-1) + (-2)/(-1). Let z(w) = 3*w**2 + 6*w - 4. Let h = 5 - 8. Let y(x) = -2*x**2 - 6*x + 3. Let t(m) = h*z(m) - 4*y(m). Calculate t(f).
5
Let z be 7 + -1 - (-7 + 6 + 4). Let m(r) = -r**3 + 5*r**2 - 3*r - 3. Determine m(z).
6
Let d(v) = 4 - 4 - 3*v - 1. Let m = 18 + -12. Suppose -2*p + 5*p - m = 0. Determine d(p).
-7
Let t(y) = y - 2. Let f be t(3). Suppose -2*q + 1 = -f. Let h = 3 + q. Let p(z) = -z**2 + 4*z - 1. Calculate p(h).
-1
Suppose 3*a + 3*a - 18 = 0. Suppose 3*w - 25 = -a*x - 2*x, 0 = x - w + 3. Let k(i) = i**2 + 3*i - 1. Determine k(x).
9
Let d = 8 + -12. Let j be 2*1/(d/10). Let h(b) = -b**3 - 5*b**2 - 6. Determine h(j).
-6
Let k(u) = 12*u**2 + 1. Let h be k(1). Let l(t) = -5*t**2 - t + 5. Let r(a) = -11*a**2 - 3*a + 11. Let w(x) = h*l(x) - 6*r(x). Give w(-4).
-5
Let y(r) = 2*r**2 - r - 6. Let b be y(0). Let w(a) = 0*a**2 + 6*a + a**2 - 4 + 5. Calculate w(b).
1
Let a(t) = -t**2 - 4*t + 3. Let l(z) = -2*z**2 - 8*z + 6. Let f(q) = 11*a(q) - 6*l(q). Determine f(-4).
-3
Let p = -130 - -137. Let q(o) = o**3 - 7*o**2 + o - 4. Give q(p).
3
Let o be 42/10 - (-32)/40. Let p(d) = 11*d - o*d + 2 - 7*d. Determine p(-3).
5
Let q(b) = -b**2 + 7*b - 3. Let o be (-88)/28 + (-2)/(-14). Let v be 24/(-8)*5/o. Determine q(v).
7
Suppose -2 - 7 = 3*a, 2*a - 2 = -2*q. Let z(o) = 1 + 3*o + 10 - q*o. Suppose 4 - 